 46014251
What are the prime factors of 101094562?
2, 79, 639839
What are the prime factors of 713144237?
13, 17, 431, 7487
What are the prime factors of 1762335970?
2, 5, 47, 167, 22453
What are the prime factors of 27717909?
3, 9239303
List the prime factors of 688159924.
2, 172039981
List the prime factors of 644197964.
2, 19, 43, 197123
List the prime factors of 17107926.
2, 3, 11, 259211
List the prime factors of 306966779.
7, 197, 222601
What are the prime factors of 43823202?
2, 3, 163, 44809
What are the prime factors of 4168410763?
11, 378946433
What are the prime factors of 8366756?
2, 23, 199, 457
List the prime factors of 88285932.
2, 3, 7, 19, 18439
What are the prime factors of 4006641900?
2, 3, 5, 47, 284159
What are the prime factors of 1460838380?
2, 5, 1063, 68713
What are the prime factors of 3918457324?
2, 19, 37, 887, 1571
What are the prime factors of 161177595?
3, 5, 17, 643, 983
What are the prime factors of 111064794?
2, 3, 2713, 6823
List the prime factors of 94924101.
3, 31641367
What are the prime factors of 48453671?
7, 277, 24989
List the prime factors of 28028595.
3, 5, 7, 173, 1543
What are the prime factors of 93954544?
2, 19, 37, 8353
List the prime factors of 778079309.
7, 29, 3832903
What are the prime factors of 4347865206?
2, 3, 4799, 50333
What are the prime factors of 5300652237?
3, 229, 727, 10613
List the prime factors of 740347382.
2, 17, 229, 95087
What are the prime factors of 16875081?
3, 113, 5531
What are the prime factors of 1580044883?
19, 83160257
List the prime factors of 64743926.
2, 13, 163, 15277
List the prime factors of 1002859394.
2, 1151, 435647
What are the prime factors of 104291885?
5, 257, 277, 293
List the prime factors of 59632922.
2, 389, 76649
List the prime factors of 564791712.
2, 3, 449, 13103
List the prime factors of 1320324363.
3, 17, 191, 45181
What are the prime factors of 2329328?
2, 197, 739
List the prime factors of 2562203950.
2, 5, 67, 764837
What are the prime factors of 261897930?
2, 3, 5, 7, 199, 2089
List the prime factors of 342258610.
2, 5, 311, 110051
List the prime factors of 746076767.
16619, 44893
What are the prime factors of 2087060?
2, 5, 241, 433
List the prime factors of 18138112.
2, 17713
What are the prime factors of 1668977726?
2, 13, 139, 523, 883
What are the prime factors of 321398494?
2, 10133, 15859
List the prime factors of 32485990.
2, 5, 59, 55061
List the prime factors of 18553469.
11, 31, 54409
What are the prime factors of 123806043?
3, 431, 10639
List the prime factors of 846206105.
5, 169241221
What are the prime factors of 477313908?
2, 3, 39776159
What are the prime factors of 41964507?
3, 13, 119557
List the prime factors of 697270090.
2, 5, 11, 167, 37957
List the prime factors of 4396306269.
3, 1465435423
What are the prime factors of 11494059?
3, 337, 11369
What are the prime factors of 245412198?
2, 3, 13634011
List the prime factors of 745583293.
7, 13, 1993, 4111
List the prime factors of 293198366.
2, 146599183
What are the prime factors of 1408973520?
2, 3, 5, 47, 124909
What are the prime factors of 2014689184?
2, 71, 886747
What are the prime factors of 584338931?
11, 53121721
What are the prime factors of 958085548?
2, 7, 37, 924793
List the prime factors of 31896110.
2, 5, 43, 74177
What are the prime factors of 7361440039?
199, 36992161
What are the prime factors of 1740892083?
3, 7, 109, 373, 2039
List the prime factors of 314849606.
2, 59, 2668217
List the prime factors of 323357527.
17, 251, 75781
List the prime factors of 107073410.
2, 5, 10707341
List the prime factors of 16107723.
3, 97, 18451
What are the prime factors of 600488231?
7, 85784033
List the prime factors of 96012903.
3, 7, 93307
List the prime factors of 126620159.
193, 656063
What are the prime factors of 3245361283?
3245361283
List the prime factors of 79672750.
2, 5, 318691
What are the prime factors of 38150766?
2, 3, 2119487
What are the prime factors of 88715916?
2, 3, 139, 17729
What are the prime factors of 231623192?
2, 28952899
List the prime factors of 15991249.
1039, 15391
List the prime factors of 205825775.
5, 8233031
List the prime factors of 72989005.
5, 23, 634687
List the prime factors of 2175373269.
3, 137, 1764293
What are the prime factors of 1851007777?
23, 271, 296969
What are the prime factors of 28217814?
2, 3, 71, 66239
What are the prime factors of 286386355?
5, 191, 299881
What are the prime factors of 493814899?
23, 1321, 16253
List the prime factors of 31347661.
4493, 6977
What are the prime factors of 2014874869?
7, 599, 480533
What are the prime factors of 49685935?
5, 13, 764399
What are the prime factors of 45937614?
2, 3, 109, 70241
What are the prime factors of 20523571?
4127, 4973
What are the prime factors of 5442155846?
2, 487, 5587429
What are the prime factors of 17669724?
2, 3, 787, 1871
What are the prime factors of 4701710564?
2, 401, 2931241
What are the prime factors of 4035135903?
3, 67, 20075303
What are the prime factors of 3395013703?
79, 179, 409, 587
List the prime factors of 33826097.
33826097
What are the prime factors of 413729470?
2, 5, 7, 11, 571, 941
List the prime factors of 1008826182.
2, 3, 7, 13, 43, 14323
List the prime factors of 562826873.
7, 19, 4231781
List the prime factors of 43618396.
2, 17, 23, 167
What are the prime factors of 891165338?
2, 7, 5849, 10883
List the prime factors of 59268498.
2, 3, 9878083
List the prime factors of 49489390.
2, 5, 4948939
What are the prime factors of 1979918393?
1979918393
What are the prime factors of 774704616?
2, 3, 7, 73, 181, 349
List the prime factors of 742560447.
3, 619, 399871
What are the prime factors of 2458222271?
227, 10829173
What are the prime factors of 2719211066?
2, 11, 13, 31, 306701
List the prime factors of 40453211.
461, 87751
What are the prime factors of 5210017148?
2, 7, 186072041
What are the prime factors of 121010313?
3, 37, 97, 11239
What are the prime factors of 95931354?
2, 3, 263, 60793
List the prime factors of 121791544.
2, 7, 83, 26203
List the prime factors of 1076942055.
3, 5, 7, 3109, 3299
What are the prime factors of 1936274953?
617, 3138209
What are the prime factors of 69044633?
7, 17, 109, 5323
List the prime factors of 669150157.
13, 51473089
What are the prime factors of 2647029069?
3, 294114341
List the prime factors of 972175810.
2, 5, 31, 1669, 1879
What are the prime factors of 20019373?
11, 71, 25633
What are the prime factors of 86086080?
2, 3, 5, 71, 421
List the prime factors of 2923364694.
2, 3, 487227449
List the prime factors of 2784619881.
3, 309402209
What are the prime factors of 73811197?
47, 1570451
List the prime factors of 3681271254.
2, 3, 2053, 298853
List the prime factors of 611723948.
2, 11, 127, 109471
List the prime factors of 673057161.
3, 7, 3561149
List the prime factors of 137306932.
2, 7, 4903819
What are the prime factors of 278705923?
773, 360551
List the prime factors of 355100515.
5, 7, 11, 191, 439
What are the prime factors of 190141100?
2, 5, 919, 2069
What are the prime factors of 50629249?
11, 4602659
List the prime factors of 6062623913.
29, 209055997
List the prime factors of 238229590.
2, 5, 23822959
What are the prime factors of 7608538096?
2, 475533631
List the prime factors of 117573060.
2, 3, 5, 11, 178141
What are the prime factors of 92544774?
2, 3, 7, 2203447
What are the prime factors of 330487452?
2, 3, 1020023
List the prime factors of 134020139.
11, 12183649
What are the prime factors of 737864315?
5, 1237, 119299
List the prime factors of 196319439.
3, 41, 307, 1733
List the prime factors of 4234515936.
2, 3, 7, 6301363
What are the prime factors of 88557161?
7, 11, 164299
What are the prime factors of 1131647013?
3, 7, 2566093
What are the prime factors of 1704656378?
2, 37, 2083, 11059
List the prime factors of 4896065487.
3, 251, 6502079
What are the prime factors of 380701657?
7, 54385951
List the prime factors of 2785198935.
3, 5, 839, 221311
What are the prime factors of 103194413?
7, 439, 33581
What are the prime factors of 68974821?
3, 79, 3593
What are the prime factors of 242953283?
242953283
What are the prime factors of 1030402805?
5, 206080561
What are the prime factors of 80716164?
2, 3, 29, 231943
What are the prime factors of 1